t of 3196?
9
What is the hundreds digit of 37861?
8
What is the units digit of 242?
2
What is the hundreds digit of 12755?
7
What is the units digit of 5214?
4
What is the hundreds digit of 847?
8
What is the ten thousands digit of 17852?
1
What is the units digit of 9649?
9
What is the tens digit of 1643?
4
What is the tens digit of 1978?
7
What is the thousands digit of 18962?
8
What is the units digit of 94561?
1
What is the units digit of 153621?
1
What is the units digit of 2852?
2
What is the hundreds digit of 2130?
1
What is the thousands digit of 2000?
2
What is the hundreds digit of 4074?
0
What is the thousands digit of 1411?
1
What is the units digit of 7041?
1
What is the tens digit of 21306?
0
What is the units digit of 1310?
0
What is the hundreds digit of 943?
9
What is the tens digit of 54625?
2
What is the hundreds digit of 1413?
4
What is the units digit of 81302?
2
What is the units digit of 1105?
5
What is the units digit of 307?
7
What is the hundreds digit of 10824?
8
What is the tens digit of 33523?
2
What is the hundreds digit of 428?
4
What is the hundreds digit of 1149?
1
What is the tens digit of 67233?
3
What is the tens digit of 1197?
9
What is the tens digit of 570?
7
What is the ten thousands digit of 22666?
2
What is the tens digit of 11607?
0
What is the hundreds digit of 7303?
3
What is the tens digit of 365?
6
What is the units digit of 6886?
6
What is the tens digit of 584?
8
What is the units digit of 4457?
7
What is the units digit of 259?
9
What is the units digit of 4733?
3
What is the tens digit of 4869?
6
What is the thousands digit of 10050?
0
What is the tens digit of 8983?
8
What is the thousands digit of 2036?
2
What is the units digit of 893?
3
What is the hundreds digit of 585?
5
What is the thousands digit of 2054?
2
What is the thousands digit of 6514?
6
What is the units digit of 3950?
0
What is the thousands digit of 5911?
5
What is the hundreds digit of 20772?
7
What is the thousands digit of 2172?
2
What is the hundreds digit of 18669?
6
What is the ten thousands digit of 59217?
5
What is the thousands digit of 7171?
7
What is the units digit of 5?
5
What is the hundreds digit of 10103?
1
What is the units digit of 1898?
8
What is the units digit of 262?
2
What is the tens digit of 12568?
6
What is the units digit of 3995?
5
What is the thousands digit of 2944?
2
What is the tens digit of 198?
9
What is the tens digit of 2282?
8
What is the hundreds digit of 45105?
1
What is the hundreds digit of 4271?
2
What is the thousands digit of 38109?
8
What is the thousands digit of 2810?
2
What is the thousands digit of 6283?
6
What is the hundreds digit of 355?
3
What is the units digit of 7437?
7
What is the hundreds digit of 11079?
0
What is the units digit of 3027?
7
What is the hundred thousands digit of 184351?
1
What is the ten thousands digit of 17563?
1
What is the tens digit of 2703?
0
What is the units digit of 22011?
1
What is the hundreds digit of 3135?
1
What is the units digit of 249?
9
What is the units digit of 138059?
9
What is the units digit of 492?
2
What is the ten thousands digit of 75778?
7
What is the hundreds digit of 1134?
1
What is the thousands digit of 5386?
5
What is the units digit of 625?
5
What is the units digit of 823?
3
What is the tens digit of 10006?
0
What is the units digit of 3064?
4
What is the units digit of 2564?
4
What is the hundred thousands digit of 139811?
1
What is the thousands digit of 10201?
0
What is the units digit of 20327?
7
What is the ten thousands digit of 10229?
1
What is the units digit of 13323?
3
What is the tens digit of 4398?
9
What is the hundreds digit of 11578?
5
What is the units digit of 1187?
7
What is the hundreds digit of 659?
6
What is the hundreds digit of 62547?
5
What is the thousands digit of 18183?
8
What is the hundreds digit of 10644?
6
What is the ten thousands digit of 71345?
7
What is the thousands digit of 4527?
4
What is the units digit of 59461?
1
What is the tens digit of 10466?
6
What is the ten thousands digit of 18842?
1
What is the hundreds digit of 1885?
8
What is the thousands digit of 13483?
3
What is the thousands digit of 2753?
2
What is the thousands digit of 1731?
1
What is the hundreds digit of 281?
2
What is the units digit of 1254?
4
What is the ten thousands digit of 80882?
8
What is the hundreds digit of 614?
6
What is the units digit of 39?
9
What is the thousands digit of 6905?
6
What is the thousands digit of 7487?
7
What is the ten thousands digit of 12566?
1
What is the ten thousands digit of 10753?
1
What is the units digit of 1602?
2
What is the tens digit of 343?
4
What is the hundreds digit of 45709?
7
What is the thousands digit of 9017?
9
What is the hundreds digit of 8484?
4
What is the tens digit of 762?
6
What is the thousands digit of 1291?
1
What is the tens digit of 10499?
9
What is the tens digit of 4482?
8
What is the units digit of 1002?
2
What is the hundreds digit of 10564?
5
What is the units digit of 60318?
8
What is the hundreds digit of 4136?
1
What is the units digit of 28750?
0
What is the hundreds digit of 2018?
0
What is the tens digit of 14334?
3
What is the thousands digit of 21701?
1
What is the thousands digit of 2303?
2
What is the hundreds digit of 1309?
3
What is the tens digit of 351?
5
What is the hundreds digit of 95921?
9
What is the units digit of 18009?
9
What is the thousands digit of 18938?
8
What is the units digit of 9608?
8
What is the hundreds digit of 974?
9
What is the ten thousands digit of 159107?
5
What is the thousands digit of 33197?
3
What is the units digit of 18184?
4
What is the thousands digit of 26577?
6
What is the tens digit of 10513?
1
What is the tens digit of 34?
3
What is the tens digit of 58?
5
What is the tens digit of 844?
4
What is the tens digit of 24136?
3
What is the thousands digit of 3208?
3
What is the hundreds digit of 1984?
9
What is the thousands digit of 19813?
9
What is the thousands digit of 2454?
2
What is the units digit of 25531?
1
What is the hundreds digit of 29111?
1
What is the tens digit of 10199?
9
What is the units digit of 1704?
4
What is the units digit of 903?
3
What is the hundreds digit of 20471?
4
What is the ten thousands digit of 51071?
5
What is the units digit of 29294?
4
What is the hundreds digit of 40864?
8
What is the ten thousands digit of 19449?
1
What is the thousands digit of 52385?
2
What is the hundreds digit of 1341?
3
What is the units digit of 1710?
0
What is the thousands digit of 2094?
2
What is the hundreds digit of 1852?
8
What is the ten thousands digit of 11663?
1
What is the units digit of 9553?
3
What is the hundreds digit of 520?
5
What is the hundreds digit of 47616?
6
What is the units digit of 1314?
4
What is the tens digit of 73847?
4
What is the thousands digit of 1536?
1
What is the tens digit of 853?
5
What is the units digit of 7960?
0
What is the units digit of 4805?
5
What is the units digit of 27132?
2
What is the tens digit of 2573?
7
What is the hundreds digit of 958?
9
What is the units digit of 118?
8
What is the units digit of 728?
8
What is the units digit of 57578?
8
What is the tens digit of 20229?
2
What is the hundreds digit of 1364?
3
What is the tens digit of 92672?
7
What is the hundreds digit of 30678?
6
What is the units digit of 245?
5
What is the hundreds digit of 68745?
7
What is the tens digit of 109478?
7
What is the tens digit of 190?
9
What is the thousands digit of 1916?
1
What is the thousands digit of 82232?
2
What is the tens digit of 17954?
5
What is the tens digit of 16144?
4
What is the thousands digit of 7430?
7
What is the tens digit of 1159?
5
What is the hundreds digit of 2525?
5
What is the tens digit of 2189?
8
What is the tens digit of 20209?
0
What is the tens digit of 1324?
2
What is the hundreds digit of 2326?
3
What is the ten thousands digit of 74016?
7
What is the hundreds digit of 2147?
1
What is the hundreds digit of 13481?
4
What is the tens digit of 11438?
3
What is the thousands digit of 5233?
5
What is the tens digit of 64328?
2
What is the hundreds digit of 13210?
2
What is the tens digit of 80?
8
What is the tens digit of 1682?
8
What is the thousands digit of 126227?
6
What is the tens digit of 2604?
0
Wh